{"id":13,"date":"2026-03-27T14:40:58","date_gmt":"2026-03-27T13:40:58","guid":{"rendered":"https:\/\/wp14.cours-copm2061.helha.be\/?page_id=13"},"modified":"2026-03-27T15:04:40","modified_gmt":"2026-03-27T14:04:40","slug":"notre-histoire","status":"publish","type":"page","link":"https:\/\/wp14.cours-copm2061.helha.be\/?page_id=13","title":{"rendered":"Notre histoire"},"content":{"rendered":"\n<p><strong><u>Las Croquetas, claro que s\u00ed<\/u><\/strong><\/p>\n\n\n\n<p><strong>Notre passion<\/strong><\/p>\n\n\n\n<p>Nous, c\u2019est deux amies \u00e9tudiantes, Carla et Clara, qui en avions assez de manger vite sans jamais vraiment se faire plaisir. Entre les cours et les pauses, on cherchait toujours un repas bon, rapide, rassasiant et abordable\u2026 sans jamais le trouver. Il faut dire que Montignies-sur-Sambre \u00e0 quelques kilom\u00e8tres du centre de Charleroi, n\u2019offre pas beaucoup de possibilit\u00e9 de se restaurer.<\/p>\n\n\n\n<p>Alors on a d\u00e9cid\u00e9 de l\u2019inventer.<\/p>\n\n\n\n<p>Pendant un voyage en Espagne, on a d\u00e9couvert les croquettes\u2026 Non, pas celles qu\u2019on trouve \u00e0 la c\u00f4te belge mais des vrais tapas espagnols. On entend par l\u00e0, le partage, la culture, la f\u00eate, et les saveurs du sud. On en est tomb\u00e9es compl\u00e8tement amoureuses. G\u00e9n\u00e9reuses, gourmandes, p\u00e9tillantes : exactement ce qu\u2019il nous manquait pour un vrai repas.<\/p>\n\n\n\n<p><strong>Voyage des tapas<\/strong><\/p>\n\n\n\n<p>De retour en Belgique, on a imagin\u00e9 nos propres versions, assez copieuses pour devenir un diner digne de ce nom. On a test\u00e9, ajust\u00e9, r\u00e9invent\u00e9, jusqu\u2019\u00e0 ce que nos amis nous disent : \u00ab Vous tenez quelque chose ! \u00bb<\/p>\n\n\n\n<p>C\u2019est comme \u00e7a qu\u2019est n\u00e9 Las Croquetas : notre id\u00e9e, notre cr\u00e9ation. Un foodtruck pens\u00e9 par deux \u00e9tudiantes, pour tous ceux qui veulent manger vite, bien et \u00e0 petit prix\u2026 tout en se plongeant dans&nbsp;&nbsp;les cultures de l\u2019Espagne.<\/p>\n\n\n\n<p>Chaque croquette raconte notre histoire : deux amies, un coup de c\u0153ur en voyage\u2026 et beaucoup de gourmandise.<\/p>\n","protected":false},"excerpt":{"rendered":"<p>Las Croquetas, claro que s\u00ed Notre passion Nous, c\u2019est deux amies \u00e9tudiantes, Carla et Clara, qui en avions assez de manger vite sans jamais vraiment se faire plaisir. Entre les cours et les pauses, on cherchait toujours un repas bon, rapide, rassasiant et abordable\u2026 sans jamais le trouver. Il faut dire que Montignies-sur-Sambre \u00e0 quelques [&hellip;]<\/p>\n","protected":false},"author":1,"featured_media":0,"parent":0,"menu_order":0,"comment_status":"closed","ping_status":"closed","template":"","meta":{"footnotes":""},"class_list":["post-13","page","type-page","status-publish","hentry"],"yoast_head":"<!-- This site is optimized with the Yoast SEO plugin v27.2 - https:\/\/yoast.com\/product\/yoast-seo-wordpress\/ -->\n<title>Notre histoire -<\/title>\n<meta name=\"robots\" content=\"index, follow, max-snippet:-1, max-image-preview:large, max-video-preview:-1\" \/>\n<link rel=\"canonical\" href=\"https:\/\/wp14.cours-copm2061.helha.be\/?page_id=13\" \/>\n<meta property=\"og:locale\" content=\"fr_FR\" \/>\n<meta property=\"og:type\" content=\"article\" \/>\n<meta property=\"og:title\" content=\"Notre histoire -\" \/>\n<meta property=\"og:description\" content=\"Las Croquetas, claro que s\u00ed Notre passion Nous, c\u2019est deux amies \u00e9tudiantes, Carla et Clara, qui en avions assez de manger vite sans jamais vraiment se faire plaisir. Entre les cours et les pauses, on cherchait toujours un repas bon, rapide, rassasiant et abordable\u2026 sans jamais le trouver. Il faut dire que Montignies-sur-Sambre \u00e0 quelques [&hellip;]\" \/>\n<meta property=\"og:url\" content=\"https:\/\/wp14.cours-copm2061.helha.be\/?page_id=13\" \/>\n<meta property=\"article:modified_time\" content=\"2026-03-27T14:04:40+00:00\" \/>\n<meta name=\"twitter:card\" content=\"summary_large_image\" \/>\n<meta name=\"twitter:label1\" content=\"Dur\u00e9e de lecture estim\u00e9e\" \/>\n\t<meta name=\"twitter:data1\" content=\"2 minutes\" \/>\n<script type=\"application\/ld+json\" class=\"yoast-schema-graph\">{\"@context\":\"https:\/\/schema.org\",\"@graph\":[{\"@type\":\"WebPage\",\"@id\":\"https:\/\/wp14.cours-copm2061.helha.be\/?page_id=13\",\"url\":\"https:\/\/wp14.cours-copm2061.helha.be\/?page_id=13\",\"name\":\"Notre histoire -\",\"isPartOf\":{\"@id\":\"https:\/\/wp14.cours-copm2061.helha.be\/#website\"},\"datePublished\":\"2026-03-27T13:40:58+00:00\",\"dateModified\":\"2026-03-27T14:04:40+00:00\",\"breadcrumb\":{\"@id\":\"https:\/\/wp14.cours-copm2061.helha.be\/?page_id=13#breadcrumb\"},\"inLanguage\":\"fr-FR\",\"potentialAction\":[{\"@type\":\"ReadAction\",\"target\":[\"https:\/\/wp14.cours-copm2061.helha.be\/?page_id=13\"]}]},{\"@type\":\"BreadcrumbList\",\"@id\":\"https:\/\/wp14.cours-copm2061.helha.be\/?page_id=13#breadcrumb\",\"itemListElement\":[{\"@type\":\"ListItem\",\"position\":1,\"name\":\"Accueil\",\"item\":\"https:\/\/wp14.cours-copm2061.helha.be\/\"},{\"@type\":\"ListItem\",\"position\":2,\"name\":\"Notre histoire\"}]},{\"@type\":\"WebSite\",\"@id\":\"https:\/\/wp14.cours-copm2061.helha.be\/#website\",\"url\":\"https:\/\/wp14.cours-copm2061.helha.be\/\",\"name\":\"\",\"description\":\"\",\"potentialAction\":[{\"@type\":\"SearchAction\",\"target\":{\"@type\":\"EntryPoint\",\"urlTemplate\":\"https:\/\/wp14.cours-copm2061.helha.be\/?s={search_term_string}\"},\"query-input\":{\"@type\":\"PropertyValueSpecification\",\"valueRequired\":true,\"valueName\":\"search_term_string\"}}],\"inLanguage\":\"fr-FR\"}]}<\/script>\n<!-- \/ Yoast SEO plugin. -->","yoast_head_json":{"title":"Notre histoire -","robots":{"index":"index","follow":"follow","max-snippet":"max-snippet:-1","max-image-preview":"max-image-preview:large","max-video-preview":"max-video-preview:-1"},"canonical":"https:\/\/wp14.cours-copm2061.helha.be\/?page_id=13","og_locale":"fr_FR","og_type":"article","og_title":"Notre histoire -","og_description":"Las Croquetas, claro que s\u00ed Notre passion Nous, c\u2019est deux amies \u00e9tudiantes, Carla et Clara, qui en avions assez de manger vite sans jamais vraiment se faire plaisir. Entre les cours et les pauses, on cherchait toujours un repas bon, rapide, rassasiant et abordable\u2026 sans jamais le trouver. Il faut dire que Montignies-sur-Sambre \u00e0 quelques [&hellip;]","og_url":"https:\/\/wp14.cours-copm2061.helha.be\/?page_id=13","article_modified_time":"2026-03-27T14:04:40+00:00","twitter_card":"summary_large_image","twitter_misc":{"Dur\u00e9e de lecture estim\u00e9e":"2 minutes"},"schema":{"@context":"https:\/\/schema.org","@graph":[{"@type":"WebPage","@id":"https:\/\/wp14.cours-copm2061.helha.be\/?page_id=13","url":"https:\/\/wp14.cours-copm2061.helha.be\/?page_id=13","name":"Notre histoire -","isPartOf":{"@id":"https:\/\/wp14.cours-copm2061.helha.be\/#website"},"datePublished":"2026-03-27T13:40:58+00:00","dateModified":"2026-03-27T14:04:40+00:00","breadcrumb":{"@id":"https:\/\/wp14.cours-copm2061.helha.be\/?page_id=13#breadcrumb"},"inLanguage":"fr-FR","potentialAction":[{"@type":"ReadAction","target":["https:\/\/wp14.cours-copm2061.helha.be\/?page_id=13"]}]},{"@type":"BreadcrumbList","@id":"https:\/\/wp14.cours-copm2061.helha.be\/?page_id=13#breadcrumb","itemListElement":[{"@type":"ListItem","position":1,"name":"Accueil","item":"https:\/\/wp14.cours-copm2061.helha.be\/"},{"@type":"ListItem","position":2,"name":"Notre histoire"}]},{"@type":"WebSite","@id":"https:\/\/wp14.cours-copm2061.helha.be\/#website","url":"https:\/\/wp14.cours-copm2061.helha.be\/","name":"","description":"","potentialAction":[{"@type":"SearchAction","target":{"@type":"EntryPoint","urlTemplate":"https:\/\/wp14.cours-copm2061.helha.be\/?s={search_term_string}"},"query-input":{"@type":"PropertyValueSpecification","valueRequired":true,"valueName":"search_term_string"}}],"inLanguage":"fr-FR"}]}},"_links":{"self":[{"href":"https:\/\/wp14.cours-copm2061.helha.be\/index.php?rest_route=\/wp\/v2\/pages\/13","targetHints":{"allow":["GET"]}}],"collection":[{"href":"https:\/\/wp14.cours-copm2061.helha.be\/index.php?rest_route=\/wp\/v2\/pages"}],"about":[{"href":"https:\/\/wp14.cours-copm2061.helha.be\/index.php?rest_route=\/wp\/v2\/types\/page"}],"author":[{"embeddable":true,"href":"https:\/\/wp14.cours-copm2061.helha.be\/index.php?rest_route=\/wp\/v2\/users\/1"}],"replies":[{"embeddable":true,"href":"https:\/\/wp14.cours-copm2061.helha.be\/index.php?rest_route=%2Fwp%2Fv2%2Fcomments&post=13"}],"version-history":[{"count":3,"href":"https:\/\/wp14.cours-copm2061.helha.be\/index.php?rest_route=\/wp\/v2\/pages\/13\/revisions"}],"predecessor-version":[{"id":30,"href":"https:\/\/wp14.cours-copm2061.helha.be\/index.php?rest_route=\/wp\/v2\/pages\/13\/revisions\/30"}],"wp:attachment":[{"href":"https:\/\/wp14.cours-copm2061.helha.be\/index.php?rest_route=%2Fwp%2Fv2%2Fmedia&parent=13"}],"curies":[{"name":"wp","href":"https:\/\/api.w.org\/{rel}","templated":true}]}}